{"id":216,"date":"2014-04-16T10:52:32","date_gmt":"2014-04-16T09:52:32","guid":{"rendered":"http:\/\/defi-energies17.fr\/?page_id=216"},"modified":"2019-07-28T14:29:00","modified_gmt":"2019-07-28T13:29:00","slug":"conditions-dintervention","status":"publish","type":"page","link":"https:\/\/defi-energies17.fr\/?page_id=216","title":{"rendered":"Conditions d&rsquo;intervention"},"content":{"rendered":"<p style=\"text-align: justify;\">Les pr\u00e9occupations environnementales et \u00e9nerg\u00e9tiques sont aujourd\u2019hui quotidiennes.<br \/>\nAussi, pour adopter de nouveaux r\u00e9flexes respectueux du cadre et de la qualit\u00e9 de vie, il nous para\u00eet n\u00e9cessaire de sensibiliser et \u00e9duquer \u00e0 de nouveaux comportements.<br \/>\nC\u2019est pourquoi notre association m\u00e8ne depuis plusieurs ann\u00e9es des actions de sensibilisation aupr\u00e8s de diff\u00e9rents publics.<\/p>\n<p style=\"text-align: justify;\">Notre exp\u00e9rience nous permet de proposer des interventions adapt\u00e9es aux besoins et nous invite \u00e0 respecter diff\u00e9rentes m\u00e9thodes de travail pour accompagner une dynamique de changements durables. L\u2019une d\u2019elle est d\u2019ailleurs la mise en place d\u2019un partenariat solide avec la structure demandeuse afin qu\u2019un travail conjoint soit engag\u00e9.<\/p>\n<p style=\"text-align: justify;\">L&rsquo;association, agr\u00e9\u00e9e \u00ab\u00a0Jeunesse et \u00e9ducation populaire\u00a0\u00bb et \u00ab\u00a0Protection de l&rsquo;environnement\u00a0\u00bb, intervient en milieu scolaire, dans le cadre des temps d&rsquo;animations p\u00e9ri-\u00e9ducatifs et aupr\u00e8s des centres de loisirs. Les animations propos\u00e9es sont adaptables pour les enfants de 6 \u00e0 12 ans et les adolescents.<\/p>\n<p style=\"text-align: justify;\">Pour obtenir un devis, n&rsquo;h\u00e9sitez pas \u00e0 <a title=\"Nous contacter\" href=\"http:\/\/defi-energies17.fr\/?page_id=103\" target=\"_blank\" rel=\"noopener noreferrer\">nous contacter<\/a>.<\/p>\n","protected":false},"excerpt":{"rendered":"<p>Les pr\u00e9occupations environnementales et \u00e9nerg\u00e9tiques sont aujourd\u2019hui quotidiennes. Aussi, pour adopter de nouveaux r\u00e9flexes respectueux du cadre et de la qualit\u00e9 de vie, il nous para\u00eet n\u00e9cessaire de sensibiliser et \u00e9duquer \u00e0 de nouveaux comportements. C\u2019est pourquoi notre association m\u00e8ne depuis plusieurs ann\u00e9es des actions de sensibilisation aupr\u00e8s de diff\u00e9rents publics. Notre exp\u00e9rience nous permet [&hellip;]<\/p>\n","protected":false},"author":1,"featured_media":0,"parent":51,"menu_order":0,"comment_status":"closed","ping_status":"closed","template":"","meta":[],"_links":{"self":[{"href":"https:\/\/defi-energies17.fr\/index.php?rest_route=\/wp\/v2\/pages\/216"}],"collection":[{"href":"https:\/\/defi-energies17.fr\/index.php?rest_route=\/wp\/v2\/pages"}],"about":[{"href":"https:\/\/defi-energies17.fr\/index.php?rest_route=\/wp\/v2\/types\/page"}],"author":[{"embeddable":true,"href":"https:\/\/defi-energies17.fr\/index.php?rest_route=\/wp\/v2\/users\/1"}],"replies":[{"embeddable":true,"href":"https:\/\/defi-energies17.fr\/index.php?rest_route=%2Fwp%2Fv2%2Fcomments&post=216"}],"version-history":[{"count":8,"href":"https:\/\/defi-energies17.fr\/index.php?rest_route=\/wp\/v2\/pages\/216\/revisions"}],"predecessor-version":[{"id":1485,"href":"https:\/\/defi-energies17.fr\/index.php?rest_route=\/wp\/v2\/pages\/216\/revisions\/1485"}],"up":[{"embeddable":true,"href":"https:\/\/defi-energies17.fr\/index.php?rest_route=\/wp\/v2\/pages\/51"}],"wp:attachment":[{"href":"https:\/\/defi-energies17.fr\/index.php?rest_route=%2Fwp%2Fv2%2Fmedia&parent=216"}],"curies":[{"name":"wp","href":"https:\/\/api.w.org\/{rel}","templated":true}]}}