{"id":187,"date":"2014-04-09T16:01:59","date_gmt":"2014-04-09T15:01:59","guid":{"rendered":"http:\/\/defi-energies17.fr\/?page_id=187"},"modified":"2019-07-28T14:29:01","modified_gmt":"2019-07-28T13:29:01","slug":"lettre-dinfos-n46","status":"publish","type":"page","link":"https:\/\/defi-energies17.fr\/?page_id=187","title":{"rendered":"Lettre d&rsquo;infos n\u00b0 48"},"content":{"rendered":"<p><span id=\"yui_3_16_0_1_1418027648368_17987\" style=\"font-family: Calibri;\">Vous pourrez entre autres y lire :<br clear=\"none\" \/><\/span><\/p>\n<ul id=\"yui_3_16_0_1_1418027648368_17783\">\n<li id=\"yui_3_16_0_1_1418027648368_17985\">Territoire \u00e0 \u00e9nergie positive<i>\u00a0:\u00a0<\/i><span id=\"yui_3_16_0_1_1418027648368_17984\" style=\"color: #666666;\"><i id=\"yui_3_16_0_1_1418027648368_17983\">\u00a0des exemples de territoires impliqu\u00e9s dans la r\u00e9duction de leurs consommations d&rsquo;\u00e9nergie<\/i><\/span><\/li>\n<li id=\"yui_3_16_0_1_1418027648368_17782\">Chauffage par capteurs solaires \u00e0 air\u00a0:\u00a0<span style=\"color: #666666;\"><i>\u00a0<\/i><\/span><span id=\"yui_3_16_0_1_1418027648368_17781\" style=\"color: #666666;\"><i id=\"yui_3_16_0_1_1418027648368_17780\">retour d&rsquo;exp\u00e9rience sur une installation avec des chiffres de consommation int\u00e9ressants<\/i><\/span><\/li>\n<li id=\"yui_3_16_0_1_1418027648368_17995\">VMC double flux multifonctions :\u00a0<span id=\"yui_3_16_0_1_1418027648368_17994\" style=\"color: #999999;\"><i id=\"yui_3_16_0_1_1418027648368_17993\"><span id=\"yui_3_16_0_1_1418027648368_17992\" style=\"color: #666666;\">\u00a0le couteau suisse de la VMC double flux pass\u00e9 au crible<\/span><br clear=\"none\" \/><\/i><\/span><\/li>\n<li id=\"yui_3_16_0_1_1418027648368_18000\">Journ\u00e9e nationale de la transition citoyenne : <em>un \u00a0<\/em><span id=\"yui_3_16_0_1_1418027648368_17999\" style=\"color: #999999;\"><i id=\"yui_3_16_0_1_1418027648368_17998\"><span id=\"yui_3_16_0_1_1418027648368_17997\" style=\"color: #666666;\">nouvel exemple d&rsquo;action citoyenne et participative sur le territoire<\/span><\/i><\/span><\/li>\n<\/ul>\n<p>&nbsp;<\/p>\n<p><a href=\"http:\/\/defi-energies17.fr\/wp-content\/uploads\/2014\/12\/n\u00b048.pdf\" target=\"_blank\" rel=\"noopener noreferrer\"><img decoding=\"async\" loading=\"lazy\" class=\"aligncenter wp-image-351 size-medium\" src=\"http:\/\/defi-energies17.fr\/wp-content\/uploads\/2014\/04\/Page-1-Bulletin-48-211x300.png\" alt=\"Page 1 Bulletin 48\" width=\"211\" height=\"300\" srcset=\"https:\/\/defi-energies17.fr\/wp-content\/uploads\/2014\/04\/Page-1-Bulletin-48-211x300.png 211w, https:\/\/defi-energies17.fr\/wp-content\/uploads\/2014\/04\/Page-1-Bulletin-48-105x150.png 105w, https:\/\/defi-energies17.fr\/wp-content\/uploads\/2014\/04\/Page-1-Bulletin-48.png 451w\" sizes=\"(max-width: 211px) 100vw, 211px\" \/><\/a><\/p>\n","protected":false},"excerpt":{"rendered":"<p>Vous pourrez entre autres y lire : Territoire \u00e0 \u00e9nergie positive\u00a0:\u00a0\u00a0des exemples de territoires impliqu\u00e9s dans la r\u00e9duction de leurs consommations d&rsquo;\u00e9nergie Chauffage par capteurs solaires \u00e0 air\u00a0:\u00a0\u00a0retour d&rsquo;exp\u00e9rience sur une installation avec des chiffres de consommation int\u00e9ressants VMC double flux multifonctions :\u00a0\u00a0le couteau suisse de la VMC double flux pass\u00e9 au crible Journ\u00e9e nationale [&hellip;]<\/p>\n","protected":false},"author":1,"featured_media":0,"parent":173,"menu_order":0,"comment_status":"closed","ping_status":"open","template":"","meta":[],"_links":{"self":[{"href":"https:\/\/defi-energies17.fr\/index.php?rest_route=\/wp\/v2\/pages\/187"}],"collection":[{"href":"https:\/\/defi-energies17.fr\/index.php?rest_route=\/wp\/v2\/pages"}],"about":[{"href":"https:\/\/defi-energies17.fr\/index.php?rest_route=\/wp\/v2\/types\/page"}],"author":[{"embeddable":true,"href":"https:\/\/defi-energies17.fr\/index.php?rest_route=\/wp\/v2\/users\/1"}],"replies":[{"embeddable":true,"href":"https:\/\/defi-energies17.fr\/index.php?rest_route=%2Fwp%2Fv2%2Fcomments&post=187"}],"version-history":[{"count":17,"href":"https:\/\/defi-energies17.fr\/index.php?rest_route=\/wp\/v2\/pages\/187\/revisions"}],"predecessor-version":[{"id":1474,"href":"https:\/\/defi-energies17.fr\/index.php?rest_route=\/wp\/v2\/pages\/187\/revisions\/1474"}],"up":[{"embeddable":true,"href":"https:\/\/defi-energies17.fr\/index.php?rest_route=\/wp\/v2\/pages\/173"}],"wp:attachment":[{"href":"https:\/\/defi-energies17.fr\/index.php?rest_route=%2Fwp%2Fv2%2Fmedia&parent=187"}],"curies":[{"name":"wp","href":"https:\/\/api.w.org\/{rel}","templated":true}]}}