{"id":1272,"date":"2015-09-29T11:12:32","date_gmt":"2015-09-29T10:12:32","guid":{"rendered":"http:\/\/defi-energies17.fr\/?page_id=1272"},"modified":"2019-07-28T14:29:00","modified_gmt":"2019-07-28T13:29:00","slug":"le-tableau-des-chaines-de-lenergie","status":"publish","type":"page","link":"http:\/\/defi-energies17.fr\/?page_id=1272","title":{"rendered":"le Tableau des Cha\u00eenes de l&rsquo;\u00c9nergie"},"content":{"rendered":"\n<table id=\"tablepress-34\" class=\"tablepress tablepress-id-34\">\n<tbody>\n<tr class=\"row-1\">\n\t<td class=\"column-1\"><img src=\"http:\/\/defi-energies17.fr\/wp-content\/uploads\/2015\/09\/chaine-de-l\u00e9nergie-225x300.jpg\" alt=\"chaine de l&#039;\u00e9nergie\" width=\"160\" height=\"200\" class=\"alignnone size-medium wp-image-1269\" \/><\/td><td class=\"column-2\">Le tableau des cha\u00eenes de l\u2019\u00e9nergie, permet de faire d\u00e9couvrir aux enfants les principales sources d\u2019\u00e9nergies utilis\u00e9es en France. Une fois toutes les sources d\u2019\u00e9nergies accroch\u00e9es sur le tableau, les enfants mettent en place la cha\u00eene de transformation de la source d\u2019\u00e9nergie \u00e0 l\u2019utilisation de l'\u00e9nergie par l\u2019usager. Ce tableau est utilis\u00e9 dans tous nos cycles d\u2019animations ainsi que dans les animations \"\u00c9nergies renouvelables\".<\/td>\n<\/tr>\n<\/tbody>\n<\/table>\n<!-- #tablepress-34 from cache -->\n","protected":false},"excerpt":{"rendered":"","protected":false},"author":3,"featured_media":0,"parent":167,"menu_order":0,"comment_status":"closed","ping_status":"closed","template":"","meta":[],"_links":{"self":[{"href":"http:\/\/defi-energies17.fr\/index.php?rest_route=\/wp\/v2\/pages\/1272"}],"collection":[{"href":"http:\/\/defi-energies17.fr\/index.php?rest_route=\/wp\/v2\/pages"}],"about":[{"href":"http:\/\/defi-energies17.fr\/index.php?rest_route=\/wp\/v2\/types\/page"}],"author":[{"embeddable":true,"href":"http:\/\/defi-energies17.fr\/index.php?rest_route=\/wp\/v2\/users\/3"}],"replies":[{"embeddable":true,"href":"http:\/\/defi-energies17.fr\/index.php?rest_route=%2Fwp%2Fv2%2Fcomments&post=1272"}],"version-history":[{"count":1,"href":"http:\/\/defi-energies17.fr\/index.php?rest_route=\/wp\/v2\/pages\/1272\/revisions"}],"predecessor-version":[{"id":1273,"href":"http:\/\/defi-energies17.fr\/index.php?rest_route=\/wp\/v2\/pages\/1272\/revisions\/1273"}],"up":[{"embeddable":true,"href":"http:\/\/defi-energies17.fr\/index.php?rest_route=\/wp\/v2\/pages\/167"}],"wp:attachment":[{"href":"http:\/\/defi-energies17.fr\/index.php?rest_route=%2Fwp%2Fv2%2Fmedia&parent=1272"}],"curies":[{"name":"wp","href":"https:\/\/api.w.org\/{rel}","templated":true}]}}